= -39 - -41. Let q(a) = 404*a - 17. Let h be q(u). Is h + -4*2/4 a prime number?
False
Let z be 110360/(-30) + 2 - 2/(-3). Is (-2)/(-24)*-3*z a prime number?
True
Suppose -5*n = -0*n - 15. Let a be 5 - (-3)/(-1) - n. Is (2/(-6))/(a/1623) prime?
True
Suppose 121*u - 496131 - 4248843 = 43*u. Is u a composite number?
True
Suppose -18264*b = -18273*b + 1026603. Is b a prime number?
True
Let m(u) = 151*u**3 + 2*u**2 - 13*u + 71. Let z be m(6). Let f = z - 20880. Is f a prime number?
True
Let y be (-3)/(2*(-1)/(-166)). Let n = 931 + y. Suppose n = 2*t + 8. Is t composite?
False
Suppose -570924 = 134*j - 170*j. Is j a composite number?
False
Let y(c) = -c - 4. Let s be y(-3). Let q(w) = -2*w - 2. Let l be q(s). Suppose k + k - 674 = l. Is k composite?
False
Let v(h) = 849*h + 1285*h - 593*h - 211. Is v(16) a composite number?
True
Suppose -4*r = -5*p - 3*r + 1726, 0 = -p - 3*r + 358. Suppose -4*y - y = -25. Suppose -w + 567 = 5*t, -2435 = -y*w + 2*t + p. Is w a prime number?
True
Let i = -245 - -247. Suppose -5*w + i*w = 4*z - 3557, 5*z = -3*w + 3553. Is w a composite number?
True
Is (-7396411)/(-555) - ((-84)/(-45) - 2) a composite number?
False
Let s be (1 - 6)/((-3)/(-4545)*3). Let h = -624 - s. Is h composite?
False
Let q be (-6)/108*86 - 2/9. Is (-4 - -17215)/(0/q + 1) prime?
False
Suppose -275 = 5*j + 65. Let i = 267 + -68. Let m = j + i. Is m a composite number?
False
Let q(j) = -786*j - 5. Let b be q(-3). Suppose 0 = -4*y - 777 + b. Let w = y - 185. Is w prime?
False
Let s(l) be the third derivative of 3*l**5/20 + l**4/12 - 2*l**3 + 103*l**2. Is s(-29) composite?
False
Suppose -n = 4*n - 5*i + 610, 2*i = 3*n + 364. Let u = 120 + n. Suppose 6*x = x - 5*j + 4005, x + 3*j - 805 = u. Is x composite?
True
Suppose 14*j - 12*j + 5*i - 1240273 = 0, 0 = 5*j + 2*i - 3100777. Is j a composite number?
False
Let g = -33 - -14. Let y(z) = -z**3 - 22*z**2 + 18*z - 17. Let x be y(g). Let c = 405 - x. Is c prime?
True
Suppose 0 = 5*u + w - 16, 0*w = 3*w + 12. Suppose 3*q = 2*x - 2419, q = u*x + 2*q - 4845. Is x composite?
True
Let s be 40/5 + -3 + -2. Suppose 5*k = 0, -3*d = -2*k - s*k - 6609. Is d prime?
True
Let i = -1389 - -3072. Suppose i = 44*c - 35*c. Is c a prime number?
False
Let s(u) = u**3 + 17*u**2 + 19*u + 42. Let n(q) = -2*q**2 + 10*q + 12. Let m be n(7). Let p be s(m). Is (-5125)/(-3) + (-4)/p a prime number?
True
Let f be (-156)/(-13) - 1/(1/3). Suppose f*w + 4914 - 18801 = 0. Is w a composite number?
False
Let b(j) = -j + 47. Let m(k) = -k**2 - 10*k - 27. Let u be m(-7). Is b(u) prime?
True
Let d(r) = -4*r**3 - 62*r**2 - 98*r - 127. Is d(-39) composite?
False
Let l(s) = s**3 + 6*s - 6. Suppose 8*q - 3*q - 15 = 0. Suppose -5*j + 2 = -3, q*d - 5*j - 4 = 0. Is l(d) a prime number?
False
Suppose -5*c - m + 17 = 0, 3*c - 8*m - 24 = -4*m. Let p(n) = -n**3 + 5*n**2 - 3*n + 2. Let v be p(2). Is c/v*(-3314)/(-1) composite?
False
Suppose -7*k = -11 - 31. Let x be 2/3 - 4/k. Suppose -m + 5*f + 1069 = x, -3*f + 4184 = -0*m + 4*m. Is m a composite number?
False
Suppose 3*b - 12 = 0, 5*h = -2*b + b - 76. Let l(a) = a**3 + 34*a**2 + 19*a - 25. Is l(h) a prime number?
False
Let b(u) = 7*u**2 + 16*u + 112. Let f be b(-18). Suppose 4*p + 3*m = 30832, 2*p + 2*m = f + 13322. Is p a composite number?
True
Let p(o) = -o**3 + 26*o**2 + 59*o - 23. Let n be p(33). Let w = -2746 - n. Is w prime?
True
Let a(m) = 3*m - 52. Let x be (66/4 - 5)/(2/4). Let h be a(x). Suppose -h*n + 13256 = -9*n. Is n composite?
False
Let s(m) = 768*m**2 - 9*m - 4. Let t = 327 + -329. Is s(t) composite?
True
Suppose -7*i + 63 = 21. Is 3/1*1*4772/i composite?
True
Let k(i) = i - 14 + 12439*i**2 - 3*i + 23 + 4315*i**2 - 12. Is k(-1) a prime number?
False
Let g = 90 + -56. Suppose g*p = 30*p - 2556. Is (p/36)/(2/(-56)) composite?
True
Suppose 141*q = 658*q - 28529611. Is q a composite number?
True
Let i be (3/6)/(0 + 2/(-696)). Let g be 248/(-6)*i/4. Suppose 3*h - 371 - 704 = -2*m, 3*m = 5*h - g. Is h a prime number?
True
Is (24901 - -10) + (-1 - 3) + 0 a composite number?
False
Let a = -65 - -70. Suppose -t + 5*t - 25 = -3*v, -a*v + 55 = 4*t. Suppose -14*k + v*k = 1757. Is k composite?
True
Suppose -13*p = 695 - 12486. Let n = 2126 - p. Is n composite?
True
Suppose -133*x = -195*x + 10024222. Is x prime?
False
Let o = 441 - -264. Suppose o = -2*q + 4781. Is q a composite number?
True
Let t(z) = -5*z**2 - 27 + 0*z**2 + 50*z**3 + 4*z - 5*z + 0*z. Is t(7) a prime number?
True
Suppose 555*c - 553*c + j - 461039 = 0, 4*j = -12. Is c composite?
True
Let z = 104218 - 65721. Suppose 0 = j + n - 7693, -9*j = -14*j + 3*n + z. Is j prime?
False
Let c(j) = -61*j**3 - 3*j - 2. Suppose 3 + 3 = -6*z. Is c(z) a composite number?
True
Let g = 1470 + -1468. Let v(n) = 38*n**2 - 1 + 0 - n - 2*n. Is v(g) a composite number?
True
Let u = 304 + -301. Suppose 3*t - 5*r - 1899 = 53, -4*t - 3*r = -2622. Suppose u*o - 2*c = 5*o - t, c = 2*o - 666. Is o prime?
True
Suppose 0 = -2*g - 4*q + 36, 0 = -5*g + 3*g + 3*q + 8. Let f(s) = 11*s**3 + 16*s**2 + 2*s + 89. Is f(g) composite?
True
Let z(l) = -l**2 - 14*l. Let n be z(-12). Suppose 4*y - n = -2*r, -3*y = 2*r - 24 - 2. Suppose 10*m = r*m - 402. Is m composite?
False
Suppose 5*m = -n - 6, 0*m - 2*n = -m - 10. Let q be 2 - (-18)/(m*12/16). Let c = q - -1661. Is c a prime number?
False
Let n(v) = 2663*v**2 - 113*v - 471. Is n(-4) a prime number?
True
Let y = -315 + 303. Is ((-39890)/15)/(y/18) a composite number?
False
Let x(f) = 4*f - 21 - 26 + 0*f + 19. Let p be x(8). Suppose -v + p*o = 2*o - 283, 2*o - 6 = 0. Is v prime?
False
Suppose -2589*x + 104431 = -2572*x. Is x a prime number?
True
Suppose 50*k = 44*k + 164004. Suppose 11*o + 7589 - k = 0. Is o a prime number?
False
Let q = -28 - -33. Suppose q*a = 25252 + 17163. Is a a composite number?
True
Suppose -2622030 = -15*g + 355575. Is g a prime number?
False
Is (-3)/(132/(-4282003)) + (-18)/24*-1 composite?
True
Suppose -8*z - 12 = -2*z. Let s = 7 + z. Suppose 0 = s*y - 1558 - 1987. Is y a composite number?
False
Let m be (-2)/(-3) - (6664/(-3) - 1). Suppose -4*s - s - 3*q = 2825, 4*s = 5*q - m. Let h = 1608 + s. Is h a composite number?
True
Let t be 2 + -1 - (-3 + 1). Let a be t + -1*2439*(-3 + 8). Is a/(-21) + (-3)/(-7) a prime number?
False
Suppose 9*c - 941519 = 641032. Is c a composite number?
True
Let k be (-4 - -4) + 1 + 8. Suppose -969 = -k*s - 267. Suppose s = 7*c - 293. Is c composite?
False
Let w = -24285 + 125264. Is w a prime number?
False
Let v(c) = 102*c**2 + 68*c**2 - 20*c - 11 + 12*c**2. Is v(7) a prime number?
False
Let j(g) be the second derivative of 11*g**4/2 + 25*g**3 + g**2/2 + 33*g. Is j(4) prime?
True
Let j = 34 - 10. Let f(y) = -y**2 + 5*y + 17. Let i(x) = -2*x**2 + 9*x + 34. Let l(n) = -7*f(n) + 3*i(n). Is l(j) composite?
False
Suppose 4*j = 12*x - 11*x + 21888, 27347 = 5*j + 2*x. Is j a prime number?
True
Suppose -3*s + 22 = -t, -s - 6 = 2*t + 3. Let w be t/(-5) + 3/5. Suppose 2*k + 2638 = 4*k + b, -4*k + w*b = -5276. Is k a composite number?
False
Let v = -678 + 680. Suppose -v*k - 11787 = -4*f + 22243, -4*f + 34048 = 4*k. Is f composite?
True
Let m = -646999 + 1949634. Is m a prime number?
False
Let q = 98 + -108. Let l be 2 + (-148)/10 - (-2)/q. Is (-11518)/l*(-1)/(-2*1) a composite number?
False
Suppose 3468 = -13*j + 465. Let g = j + 710. Is g composite?
False
Let y(q) = -304*q**3 - 7*q**2 - 3*q + 3. Let v = -157 + 155. Is y(v) a composite number?
True
Is (-4 - -20) + 1177729 - -6 - (-1 - -1) a composite number?
False
Suppose 72 = 7*j + 58. Is 8334 - (-1)/j*-10 prime?
True
Let y = 8 + 13. Suppose 8*p - 11 - y = 0. Suppose -477 - 511 = -p*z. Is z composite?
True
Let f(m) = -798*m + 88. Let a be f(-3). Let s = a + -1333. Is s prime?
False
Suppose 404*s - 60902202 = 48039226. Is s composite?
True
Let f = -149 - -153. Is (2350/(-5) + -8)*(-6)/f composite?
True
Let c = -261 - -164. Let i = 102 + c. Suppose 6105 = -i*j + 21535. Is j prime?
False
Is 30807 - (-8 + (-11 - -23)) composite?
False
Suppose d + 2*t + 30 = 0, 12*d + 111 = 7*d + 3*t. Let f(k) = -225*k - 155. Is f(d) a prime number?
False
Suppose 68*s = 134*s - 95*s + 1845473. Is s a prime number?
False
Let j = -75808 + 136511. Is j a prime number?
True
Let v = -8673 - -17011. Is v/(-66)*(-8 + -1) composite?
True
Let i(h) = -98*h**